is 70 + 5?
75
In base 6, what is 20 - 1?
15
In base 10, what is -1177 - -5?
-1172
In base 14, what is c0 + 27?
107
In base 10, what is 1781 - 2?
1779
In base 13, what is -92 + 1?
-91
In base 3, what is 2120 - -1020?
10210
In base 5, what is -1432 + 0?
-1432
In base 2, what is 101000 - 110?
100010
In base 6, what is -413 - 44?
-501
In base 16, what is -1 + 4c?
4b
In base 15, what is -16 - -3?
-13
In base 6, what is 5 + 131?
140
In base 6, what is 11542 - 5?
11533
In base 5, what is -132 - 3?
-140
In base 12, what is 187 - -5?
190
In base 14, what is -13 - -3?
-10
In base 5, what is -1 + 1104?
1103
In base 4, what is 1 - 121000?
-120333
In base 4, what is -30023 + 3?
-30020
In base 13, what is 17 - 6?
11
In base 8, what is 2 - -13?
15
In base 10, what is -958 - -7?
-951
In base 6, what is 11 - -1501?
1512
In base 4, what is -3 - 12330?
-12333
In base 10, what is -2 - 88?
-90
In base 6, what is 4555 - 4?
4551
In base 8, what is -3 - -333?
330
In base 16, what is -2e - 3?
-31
In base 4, what is 12 + -11?
1
In base 11, what is 1722 + -1?
1721
In base 6, what is 12 - -24?
40
In base 15, what is e + 7?
16
In base 7, what is 202 + 4?
206
In base 14, what is 28 + -3?
25
In base 13, what is -542b - -5?
-5426
In base 4, what is 113 + 1012?
1131
In base 6, what is 3453 - 4?
3445
In base 11, what is -1a9 + -31?
-22a
In base 5, what is 13302 - 10?
13242
In base 11, what is -1 + 30?
2a
In base 12, what is 13453 + -3?
13450
In base 10, what is 5 - -21?
26
In base 3, what is -1 + 2211?
2210
In base 8, what is 11034 - 3?
11031
In base 14, what is 14 - cb?
-b7
In base 16, what is -2 - aa2?
-aa4
In base 7, what is -5462 - 1?
-5463
In base 15, what is -31 + -9?
-3a
In base 14, what is -2 - -5b?
59
In base 4, what is 10 - 301331?
-301321
In base 16, what is 1 - 94?
-93
In base 3, what is 201120 + 112?
202002
In base 12, what is -8 + -42?
-4a
In base 14, what is 1 - c?
-b
In base 10, what is -45 + -3?
-48
In base 9, what is 0 + 1004?
1004
In base 7, what is 3132 + 4?
3136
In base 14, what is 502 + 5?
507
In base 12, what is -1893 + -3?
-1896
In base 5, what is -344 + -4?
-403
In base 16, what is -1447 + -5?
-144c
In base 4, what is -2 - -302?
300
In base 16, what is 2 + -58?
-56
In base 5, what is -14 + -2?
-21
In base 12, what is 5 - 795?
-790
In base 12, what is 39 - -10?
49
In base 3, what is 110 + -12?
21
In base 14, what is -199 + 3?
-196
In base 16, what is -16 + 9?
-d
In base 11, what is 136a - -2?
1371
In base 11, what is -857 - -3?
-854
In base 8, what is -31 + 3?
-26
In base 3, what is -12 + 1010212?
1010200
In base 11, what is -3 - -39?
36
In base 12, what is -21 - -45?
24
In base 15, what is 1d8 + -4?
1d4
In base 2, what is -110 + 1110?
1000
In base 10, what is 0 + 24?
24
In base 15, what is 24 + 2?
26
In base 6, what is -10 - -431?
421
In base 11, what is -2213 + -2?
-2215
In base 14, what is b + 70?
7b
In base 8, what is 103 - -13?
116
In base 3, what is -2220 - 12?
-10002
In base 16, what is 417 - -2?
419
In base 15, what is -209 - 3?
-20c
In base 16, what is -3 + -39?
-3c
In base 4, what is -3120 - -20?
-3100
In base 10, what is 2 - 58?
-56
In base 3, what is 100001 + 10?
100011
In base 3, what is -1022222 - -10?
-1022212
In base 13, what is -6517 + 1?
-6516
In base 5, what is -112 + 34?
-23
In base 15, what is 0 + -2c9b?
-2c9b
In base 10, what is 5 - -6889?
6894
In base 11, what is 5 + -501?
-4a7
In base 14, what is -37 + 6?
-31
In base 5, what is 3 - 12123?
-12120
In base 16, what is 66 - 3?
63
In base 6, what is 0 + 103?
103
In base 7, what is -434353 + -5?
-434361
In base 12, what is -2 - -4?
2
In base 2, what is -101 - 1000101100000?
-1000101100101
In base 4, what is -2 + -2323?
-2331
In base 7, what is -61 + 531?
440
In base 15, what is -10 - -b?
-4
In base 6, what is 10 + 502?
512
In base 4, what is 2323 - -231?
3220
In base 2, what is 10 - 110011000?
-110010110
In base 3, what is 120 + 101121?
102011
In base 14, what is -83 - -4?
-7d
In base 9, what is 51 + 23?
74
In base 11, what is -86 - 5?
-90
In base 4, what is -2121 - 3?
-2130
In base 6, what is -10223 + 2?
-10221
In base 13, what is -299 - 4?
-2a0
In base 10, what is -2 + -3484?
-3486
In base 13, what is -2 + ba?
b8
In base 3, what is 120 + -120?
0
In base 2, what is -1 + 1001101100?
1001101011
In base 15, what is 520 + 0?
520
In base 8, what is 5 - -5?
12
In base 2, what is 1100000101 - 101?
1100000000
In base 11, what is -2 - -88?
86
In base 15, what is -2 + 136?
134
In base 9, what is -20488 + -3?
-20502
In base 15, what is -4 + -50?
-54
In base 8, what is -157 - 1?
-160
In base 10, what is -1 - -111?
110
In base 16, what is -11 - -16?
5
In base 5, what is -1 - -10413?
10412
In base 15, what is 2 + -6?
-4
In base 8, what is -17301 + -3?
-17304
In base 9, what is -84 - -56?
-27
In base 7, what is 43006 - 1?
43005
In base 13, what is -9 - b?
-17
In base 14, what is -b + -831?
-83c
In base 9, what is -42 - 73?
-125
In base 8, what is 50 + -3?
45
In base 6, what is 20313 + 2?
20315
In base 9, what is -2053 + 4?
-2048
In base 2, what is -100001110 + -11011?
-100101001
In base 10, what is -26 - -255?
229
In base 2, what is -101 - 110001110?
-110010011
In base 2, what is 10000001 - -10100?
10010101
In base 10, what is 12 + 17?
29
In base 16, what is 88 + -f?
79
In base 8, what is -2 + 3755?
3753
In base 11, what is 254 + 1?
255
In base 5, what is -302 + 0?
-302
In base 5, what is 1 + -2110?
-2104
In base 15, what is -a + 263?
258
In base 13, what is -85 + -4?
-89
In base 12, what is 2 - -46?
48
In base 5, what is 22244 - -4?
22303
In base 6, what is 0 + 33?
33
In base 11, what is 4 - -23?
27
In base 11, what is 205 + 5?
20a
In base 15, what is -4 + -14?
-18
In base 9, what is -84 + 5?
-78
In base 16, what is 20 + -12?
e
In base 16, what is 1 - 3?
-2
In base 6, what is -14 - 104?
-122
In base 2, what is -11100100 + 0?
-11100100
In base 3, what is 100 - 22?
1
In base 10, what is 1 - 22?
-21
In base 3, what is -2001120 - 12?
-2001202
In base 5, what is -111032 + 0?
-111032
In base 8, what is 140 - 0?
140
In base 13, what is 5 - 34?
-2c
In base 5, what is 4 - -141314?
141323
In base 5, what is 10 + 3302?
3312
In base 16, what is 6 - -6f?
75
In base 11, what is 4 + 810?
814
In base 14, what is 1 + a?
b
In base 2, what is 1010001 + 10?
1010011
In base 16, what is 3 + 76?
79
In base 3, what is 21012 + -12?
21000
In base 10, what is -58 + -3?
-61
In base 8, what is 213 + -4?
207
In base 14, what is -3 + -cca?
-ccd
In base 16, what is -19 - -5?
-14
In base 15, what is -2bc + -17?
-2d4
In base 8, what is -34 - -60?
24
In base 7, what is 142636 - 3?
142633
In base 4, what is 322 - 12?
310
In base 11, what is 124 - -2?
126
In base 15, what is 1 - 3?
-2
In base 9, what is 6452 + -3?
6448
In base 10, what is -4065 + -1?
-4066
In base 8, what is 5 - -57?
64
In base 16, what is -3 - 46?
-49
In base 5, what is 143304 - -10?
143314
In base 13, what is -3 - 707?
-70a
In base 6, what is -1310 + 2?
-1304
In base 11, what is 1074 + -5?
106a
In base 14, what is 5 - -c5?
ca
In base 5, what is 10132 + 10?
10142
In base 7, what is 103 + 35?
141
In base 3, what is -1101 - 1?
-1102
In base 16, what is -5 + 39?
34
In base 10, what is -2 + -293?
-295
In base 2, what is -100 - -10111010?
10110110
In base 13, what is 138 - -11?
149
In base 5, what is 12 - -10334?
10401
In base 14, what is -2c + 11?
-1b
In base 10, what is -4 + 9?
5
In base 16, what is 1 - 70?
-6f
In base 5, what is -3 + 10144?
10141
In base 4, what is 0 - -110?
110
In base 5, what is -1220 - 14?
-1234
In base 10, what is 2 + -20?
-18
In base 15, what is 0 - -59d?
59d
In base 15, what is 8 + -95?
-8c
In base 11, what is -7 - -52?
46
In base 11, what is 4 - 534?
-530
In base 16, what is -3 + -9?
-c
In base 8, what is -1630 + 4?
-1624
In base 9, what is 2 + -8?
-6
In base 15, what is -1b - 9?
-25
In base 10, what is 0 - 102?
-102
In base 11, what is -11 - -13?
2
In base 4, what is 21312031 + -2?
21312023
In base 11, what is 2 - 53?
-51
In base 3, what is 12 + -11101?
-11012
In base 16, what is -1 + abc?
abb
In base 10, what is -16 + 8?
-8
In base 11, what is -3 - -26?
23
In base 2, what is -10100011 + 1?
-10100010
In base 15, what is 1 + 47?
48
In base 9, what is 11 - 525?
-514
In base 15, what is -b + -1ae?
-1ba
In base 5, what is -131 + 242?
111
In ba